6227?
76225
In base 2, what is 100 + 100000100101010110111?
100000100101010111011
In base 13, what is -12 + -6495?
-64a7
In base 4, what is 1200230 + -313?
1133311
In base 11, what is -28 + 212?
195
In base 13, what is -15a8 + 5?
-15a3
In base 15, what is 1c5 - -164d?
1823
In base 16, what is -1 + 5337?
5336
In base 3, what is 12 - 1020110112?
-1020110100
In base 6, what is -1151130 + 31?
-1151055
In base 13, what is -34 - 13372?
-133a6
In base 16, what is 5f1 - 5?
5ec
In base 9, what is 7250 + -3?
7246
In base 16, what is 20fcb - 4?
20fc7
In base 15, what is -27 + -5a7e?
-5aa6
In base 13, what is 698 + -421?
277
In base 15, what is -5 + 51bc?
51b7
In base 13, what is -3991 - -6?
-3988
In base 7, what is 13612401 + 3?
13612404
In base 13, what is 3444a + 3?
34450
In base 16, what is -1c + -5fec?
-6008
In base 7, what is -3012544 + 4?
-3012540
In base 4, what is 1 - 1123223?
-1123222
In base 2, what is 111010000000 + 1000101?
111011000101
In base 9, what is 14 + -42216?
-42202
In base 8, what is -1 - 207105?
-207106
In base 13, what is 6b - -7a9?
847
In base 10, what is -2 - 3375?
-3377
In base 2, what is 10 + -10110110010011101?
-10110110010011011
In base 5, what is 3031 + 230?
3311
In base 14, what is 60433 - -1d?
60452
In base 3, what is 0 - -2011211111?
2011211111
In base 4, what is -101 + -11112?
-11213
In base 4, what is 2 + -222113223?
-222113221
In base 12, what is -88346 - -9?
-88339
In base 8, what is -227 + 253?
24
In base 10, what is 272311 - 4?
272307
In base 16, what is 570 + -b?
565
In base 3, what is 11202020011 - 2?
11202020002
In base 2, what is -10001100000010 - 10111111?
-10001111000001
In base 8, what is 557432 + 1?
557433
In base 6, what is -54 + 14320?
14222
In base 16, what is 2 - -ef57?
ef59
In base 2, what is -1100011111001000 + 11?
-1100011111000101
In base 10, what is 1 + -29601?
-29600
In base 9, what is 46 - 8084?
-8037
In base 9, what is 80 + -1303?
-1213
In base 13, what is 1 - -1b69?
1b6a
In base 13, what is 6b + -3a?
31
In base 16, what is 135c + -2d?
132f
In base 9, what is -5 + -62560?
-62565
In base 7, what is -631 - 115?
-1046
In base 14, what is 2135 - 1d?
2116
In base 10, what is -64345 + -4?
-64349
In base 5, what is 230242 + -1014?
224223
In base 16, what is -2992 + -5?
-2997
In base 9, what is -120 - 211?
-331
In base 7, what is 246 + 2425?
3004
In base 16, what is 89 - -b4f?
bd8
In base 12, what is 161 - 1709?
-1568
In base 10, what is 153 - -214?
367
In base 5, what is -1 - -1422120?
1422114
In base 9, what is -22864 - 0?
-22864
In base 2, what is 100001111101 - 101001000?
11100110101
In base 5, what is 10 - 3044?
-3034
In base 15, what is -487 + -82?
-519
In base 8, what is 4 - -1666062?
1666066
In base 8, what is -36 - 113561?
-113617
In base 4, what is 111 + 132221?
132332
In base 13, what is -308 + 163b?
1333
In base 7, what is 20151 + 32?
20213
In base 14, what is -8bd1 + -2?
-8bd3
In base 5, what is 1101011 - -14?
1101030
In base 11, what is 310 - -10?
320
In base 10, what is -6 + 128816?
128810
In base 13, what is 3 + -2018b?
-20188
In base 10, what is -22 - -9714?
9692
In base 2, what is -101 + 1001110101011001?
1001110101010100
In base 8, what is 657214 - -5?
657221
In base 13, what is -8a + 878?
7bb
In base 6, what is -104054005 + 5?
-104054000
In base 5, what is -20322 + -21310?
-42132
In base 4, what is -12 - 2111022032?
-2111022110
In base 9, what is -138 + -1720?
-1858
In base 4, what is -1020020 - 1031?
-1021111
In base 9, what is 3665 + -2?
3663
In base 16, what is 53 + -aa5?
-a52
In base 5, what is -1000 + 142?
-303
In base 11, what is -2 - -105743?
105741
In base 11, what is -5 - -2a433?
2a429
In base 9, what is 15582 + 4?
15586
In base 2, what is 1000010100 - -1101001111?
10101100011
In base 13, what is 606 + -4c8?
10b
In base 9, what is 355435 - -3?
355438
In base 13, what is -1 - -32717?
32716
In base 5, what is -332011320 + 12?
-332011303
In base 4, what is 20232331 - -10?
20233001
In base 8, what is 57 + -1523?
-1444
In base 14, what is 126 - -5c9?
711
In base 6, what is -5 - -35020?
35011
In base 5, what is -133 - -221?
33
In base 13, what is 1712 - c?
1703
In base 14, what is b6c - -4b1?
123d
In base 11, what is -1 + -42699?
-4269a
In base 2, what is 100110101 - -100001111?
1001000100
In base 6, what is 4 - 24313351?
-24313343
In base 2, what is -10 - -10110001101100?
10110001101010
In base 6, what is -21044 - -5?
-21035
In base 9, what is 5 + 1622802?
1622807
In base 7, what is 11042 + -164?
10545
In base 3, what is 2002200 - 202210?
1022220
In base 12, what is 4 + -442616?
-442612
In base 16, what is -aef4 + 6?
-aeee
In base 3, what is 121000101020 - -11?
121000101101
In base 11, what is -7359 - 206?
-7564
In base 16, what is be53 + 2?
be55
In base 11, what is -2a700 - -3?
-2a6a8
In base 6, what is 40041 + 105?
40150
In base 13, what is -613 + 1499?
b86
In base 7, what is -201615 + -32?
-201650
In base 14, what is 2495 - -47?
24dc
In base 10, what is -8966 - 84?
-9050
In base 10, what is 178 + -494?
-316
In base 7, what is -35315 + 2?
-35313
In base 10, what is 337 - -29?
366
In base 13, what is 10b5 + -32?
1083
In base 7, what is -61602041 - 2?
-61602043
In base 3, what is 10 - 120210212?
-120210202
In base 10, what is 68875 - -3?
68878
In base 15, what is -12648 + -5?
-1264d
In base 7, what is 560155 - -3?
560161
In base 12, what is -13 - 11236?
-11249
In base 13, what is 5 - -249c0?
249c5
In base 16, what is 2360d + -2?
2360b
In base 6, what is -154445 + 234?
-154211
In base 2, what is -111010011000 + 1111001?
-111000011111
In base 11, what is 4 + -510a?
-5106
In base 9, what is -1835 - -2?
-1833
In base 2, what is 100 + 1001001010110?
1001001011010
In base 8, what is -16240 + 20?
-16220
In base 10, what is -5 + 22216?
22211
In base 6, what is -421023 + -3?
-421030
In base 3, what is 1010002211 - 1?
1010002210
In base 14, what is 416a - 8?
4162
In base 15, what is -5 + ad7b?
ad76
In base 13, what is -2 + 25a76?
25a74
In base 8, what is 531707 - -4?
531713
In base 10, what is 341 + 171?
512
In base 9, what is 11 - -3413?
3424
In base 9, what is -5 - -3582?
3576
In base 6, what is 5512 + 11?
5523
In base 10, what is -2 - -1528411?
1528409
In base 5, what is -3101 - -1000?
-2101
In base 13, what is -1 - -619c?
619b
In base 6, what is -3 - 510?
-513
In base 10, what is -4 - -3807?
3803
In base 10, what is -15 + -19105?
-19120
In base 3, what is 1011 + 1201110?
1202121
In base 6, what is 2311334 - -3?
2311341
In base 2, what is 111111100100 + -101?
111111011111
In base 4, what is -122 + -123320?
-130102
In base 10, what is -1049 - 244?
-1293
In base 3, what is 101022 - 1000122?
-122100
In base 15, what is -24 - -2c1b?
2be7
In base 4, what is -1 + 3201300030?
3201300023
In base 6, what is -2003 - 10032?
-12035
In base 13, what is -147cb - 0?
-147cb
In base 6, what is 220 - 1325?
-1105
In base 14, what is -15 + -6162?
-6177
In base 7, what is 3 - -50220?
50223
In base 10, what is -1635 + -468?
-2103
In base 7, what is 64 + 4352?
4446
In base 4, what is 10 - -1330312122?
1330312132
In base 15, what is -e90 + 74?
-e1b
In base 5, what is -13344 - -1313?
-12031
In base 16, what is 2 - 9138?
-9136
In base 13, what is 17b5 - 281?
1534
In base 16, what is 1 + -1e2d?
-1e2c
In base 15, what is eb + -127b?
-1180
In base 14, what is 112 + -13b4?
-12a2
In base 3, what is 12011010102 + 102?
12011010211
In base 2, what is 100 - -1101001000011100?
1101001000100000
In base 3, what is -11 - 11021121102?
-11021121120
In base 12, what is 201a - -11?
202b
In base 15, what is 0 + -ae35?
-ae35
In base 2, what is -1001001100100 - -101?
-1001001011111
In base 4, what is 103031 + 2000?
111031
In base 14, what is -15bb - -1?
-15ba
In base 9, what is -464268 + -14?
-464283
In base 11, what is -7414 - -4?
-7410
In base 9, what is 124818 + 21?
124840
In base 16, what is 8c + 73?
ff
In base 7, what is 2121 + -105?
2013
In base 6, what is -243 - -32251?
32004
In base 16, what is 4 + -148e?
-148a
In base 5, what is -3134 - 24?
-3213
In base 11, what is -176 + -a32?
-10a8
In base 7, what is 2435 - 246?
2156
In base 10, what is 1771 + 29?
1800
In base 10, what is 96657 + 4?
96661
In base 13, what is 5 + 174ab5?
174aba
In base 5, what is 2204341 + -4?
2204332
In base 11, what is -17a4 - 113?
-1907
In base 3